{"id":16210,"date":"2026-04-06T23:39:48","date_gmt":"2026-04-06T22:39:48","guid":{"rendered":"https:\/\/grillcentrum.shop\/gree\/produkt\/meble-ogrodowe-zestaw-sofa-naroznik-2-fotele-gardenove\/"},"modified":"2026-04-11T02:22:40","modified_gmt":"2026-04-11T01:22:40","slug":"meble-ogrodowe-zestaw-sofa-naroznik-2-fotele-gardenove","status":"publish","type":"product","link":"https:\/\/lunzavo.shop\/grill\/produkt\/meble-ogrodowe-zestaw-sofa-naroznik-2-fotele-gardenove\/","title":{"rendered":"MEBLE OGRODOWE ZESTAW SOFA, NARO\u017bNIK + 2 FOTELE, GARDENOVE"},"content":{"rendered":"<div style=\"font-family: Arial, sans-serif; line-height: 1.6; color: #333; padding: 20px; clear: both; display: block; width: 100%; float: none; position: static; overflow: hidden;\">\n<div style=\"clear: both; display: block; margin: 10px 0;\">\n<div style=\"clear: both; display: block; margin: 10px 0;\">\n<div style=\"clear: both; display: block; margin: 10px 0;\">\n<div  style=\"max-width:1536px;max-height:1024px\">\n<div style=\"clear: both; display: block; margin: 10px 0;\">\n<div style=\"clear: both; width: 100%; display: block; margin: 20px 0; padding: 0; float: none; position: static; text-align: center;\"><img decoding=\"async\"  src=\"https:\/\/a.allegroimg.com\/original\/11cc4d\/0d06b2ec471bae68597d5c25af89\/MEBLE-OGRODOWE-ZESTAW-SOFA-NAROZNIK-2-FOTELE-GARDENOVE-Kod-producenta-SR100AA\" srcset=\"https:\/\/a.allegroimg.com\/original\/11cc4d\/0d06b2ec471bae68597d5c25af89\/MEBLE-OGRODOWE-ZESTAW-SOFA-NAROZNIK-2-FOTELE-GARDENOVE-Kod-producenta-SR100AA 360w,https:\/\/a.allegroimg.com\/original\/11cc4d\/0d06b2ec471bae68597d5c25af89\/MEBLE-OGRODOWE-ZESTAW-SOFA-NAROZNIK-2-FOTELE-GARDENOVE-Kod-producenta-SR100AA 720w,https:\/\/a.allegroimg.com\/original\/11cc4d\/0d06b2ec471bae68597d5c25af89\/MEBLE-OGRODOWE-ZESTAW-SOFA-NAROZNIK-2-FOTELE-GARDENOVE-Kod-producenta-SR100AA 1024w,https:\/\/a.allegroimg.com\/original\/11cc4d\/0d06b2ec471bae68597d5c25af89\/MEBLE-OGRODOWE-ZESTAW-SOFA-NAROZNIK-2-FOTELE-GARDENOVE-Kod-producenta-SR100AA 1440w,https:\/\/a.allegroimg.com\/original\/11cc4d\/0d06b2ec471bae68597d5c25af89\/MEBLE-OGRODOWE-ZESTAW-SOFA-NAROZNIK-2-FOTELE-GARDENOVE-Kod-producenta-SR100AA 1536w\" sizes=\"100vw\" width=\"1536px\" alt=\"MEBLE OGRODOWE ZESTAW SOFA, NARO\u017bNIK + 2 FOTELE, GARDENOVE Kod producenta SR100AA\" style=\"max-width: 100%; height: auto; display: block; margin: 0 auto;\"><\/div>\n<\/div>\n<\/div>\n<\/div>\n<\/div>\n<\/div>\n<div style=\"clear: both; display: block; margin: 10px 0;\">\n<div style=\"clear: both; display: block; margin: 10px 0;\">\n<div style=\"clear: both; display: block; margin: 10px 0;\">\n<p style=\"margin: 15px 0; line-height: 1.8; clear: both; display: block; width: 100%; float: none; position: static;\">Zestaw mebli ogrodowych SR100AA&nbsp; &#8211; marki GARDENOVE<\/p>\n<p style=\"margin: 15px 0; line-height: 1.8; clear: both; display: block; width: 100%; float: none; position: static;\">Kolor deseczek&nbsp; &#8211; <b>jasny br\u0105z<\/b><\/p>\n<p style=\"margin: 15px 0; line-height: 1.8; clear: both; display: block; width: 100%; float: none; position: static;\">Kolor poduszek &#8211; <b>ciemno<\/b> <b>szary<\/b><\/p>\n<p style=\"margin: 15px 0; line-height: 1.8; clear: both; display: block; width: 100%; float: none; position: static;\">W zestawie: sofa w formie naro\u017cnika 3 elementy + 2 fotele i stolik. Fotele mo\u017cna postawi\u0107 wewn\u0105trz naro\u017cnika &#8211; wyd\u0142u\u017caj\u0105c w ten spos\u00f3b sof\u0119.<\/p>\n<p style=\"margin: 15px 0; line-height: 1.8; clear: both; display: block; width: 100%; float: none; position: static;\">Wiele mo\u017cliwo\u015bci ustawienia zestawu. Np. Lewy\/prawy naro\u017cnik + 3 fotele lub fotel i pufa ( mo\u017cna nie zak\u0142ada\u0107 oparcia )<\/p>\n<p style=\"margin: 15px 0; line-height: 1.8; clear: both; display: block; width: 100%; float: none; position: static;\">Konstrukcja zestawu : stalowa<\/p>\n<p style=\"margin: 15px 0; line-height: 1.8; clear: both; display: block; width: 100%; float: none; position: static;\">Imitacja drewna &#8211; polywood<\/p>\n<h3 style=\"color: #2c5aa0; font-size: 18px; margin: 30px 0 15px 0; font-weight: bold; clear: both; display: block; width: 100%; float: none; position: static;\">ZESTAW W PRZEDSPRZEDA\u017bY<\/h3>\n<p style=\"margin: 15px 0; line-height: 1.8; clear: both; display: block; width: 100%; float: none; position: static;\">Planowana dostawa po 7 kwietnia. W\u00f3wczas b\u0119d\u0105 realizowane wysy\u0142ki<\/p>\n<\/div>\n<\/div>\n<div style=\"clear: both; display: block; margin: 10px 0;\">\n<div style=\"clear: both; display: block; margin: 10px 0;\">\n<div  style=\"max-width:1559px;max-height:1559px\">\n<div style=\"clear: both; display: block; margin: 10px 0;\">\n<div style=\"clear: both; width: 100%; display: block; margin: 20px 0; padding: 0; float: none; position: static; text-align: center;\"><img decoding=\"async\"  src=\"https:\/\/a.allegroimg.com\/original\/11c408\/56802df24cc4a9bc7fc41a1604bf\" srcset=\"https:\/\/a.allegroimg.com\/original\/11c408\/56802df24cc4a9bc7fc41a1604bf 360w,https:\/\/a.allegroimg.com\/original\/11c408\/56802df24cc4a9bc7fc41a1604bf 720w,https:\/\/a.allegroimg.com\/original\/11c408\/56802df24cc4a9bc7fc41a1604bf 1023w,https:\/\/a.allegroimg.com\/original\/11c408\/56802df24cc4a9bc7fc41a1604bf 1440w,https:\/\/a.allegroimg.com\/original\/11c408\/56802df24cc4a9bc7fc41a1604bf 1559w\" sizes=\"(min-width: 1200px) 560px, (min-width: 992px) 50vw, 100vw\" width=\"1559px\" alt=\"\" style=\"max-width: 100%; height: auto; display: block; margin: 0 auto;\"><\/div>\n<\/div>\n<\/div>\n<\/div>\n<\/div>\n<\/div>\n<div style=\"clear: both; display: block; margin: 10px 0;\">\n<div style=\"clear: both; display: block; margin: 10px 0;\">\n<div style=\"clear: both; display: block; margin: 10px 0;\">\n<div  style=\"max-width:1600px;max-height:963px\">\n<div style=\"clear: both; display: block; margin: 10px 0;\">\n<div style=\"clear: both; width: 100%; display: block; margin: 20px 0; padding: 0; float: none; position: static; text-align: center;\"><img decoding=\"async\"  src=\"https:\/\/a.allegroimg.com\/original\/118cd5\/3468c8024d838bc8d10b210eb4d0\/MEBLE-OGRODOWE-ZESTAW-SOFA-NAROZNIK-2-FOTELE-GARDENOVE\" srcset=\"https:\/\/a.allegroimg.com\/original\/118cd5\/3468c8024d838bc8d10b210eb4d0\/MEBLE-OGRODOWE-ZESTAW-SOFA-NAROZNIK-2-FOTELE-GARDENOVE 360w,https:\/\/a.allegroimg.com\/original\/118cd5\/3468c8024d838bc8d10b210eb4d0\/MEBLE-OGRODOWE-ZESTAW-SOFA-NAROZNIK-2-FOTELE-GARDENOVE 720w,https:\/\/a.allegroimg.com\/original\/118cd5\/3468c8024d838bc8d10b210eb4d0\/MEBLE-OGRODOWE-ZESTAW-SOFA-NAROZNIK-2-FOTELE-GARDENOVE 1024w,https:\/\/a.allegroimg.com\/original\/118cd5\/3468c8024d838bc8d10b210eb4d0\/MEBLE-OGRODOWE-ZESTAW-SOFA-NAROZNIK-2-FOTELE-GARDENOVE 1440w,https:\/\/a.allegroimg.com\/original\/118cd5\/3468c8024d838bc8d10b210eb4d0\/MEBLE-OGRODOWE-ZESTAW-SOFA-NAROZNIK-2-FOTELE-GARDENOVE 1600w\" sizes=\"(min-width: 1200px) 560px, (min-width: 992px) 50vw, 100vw\" width=\"1600px\" alt=\"MEBLE OGRODOWE ZESTAW SOFA, NARO\u017bNIK + 2 FOTELE, GARDENOVE\" style=\"max-width: 100%; height: auto; display: block; margin: 0 auto;\"><\/div>\n<\/div>\n<\/div>\n<\/div>\n<\/div>\n<div style=\"clear: both; display: block; margin: 10px 0;\">\n<div style=\"clear: both; display: block; margin: 10px 0;\">\n<div  style=\"max-width:1600px;max-height:945px\">\n<div style=\"clear: both; display: block; margin: 10px 0;\">\n<div style=\"clear: both; width: 100%; display: block; margin: 20px 0; padding: 0; float: none; position: static; text-align: center;\"><img decoding=\"async\"  src=\"https:\/\/a.allegroimg.com\/original\/11daa8\/9775bd8242d18c29db348fe3438e\/MEBLE-OGRODOWE-ZESTAW-SOFA-NAROZNIK-2-FOTELE-GARDENOVE-Zawartosc-zestawu-fotel-naroznik-stolik\" srcset=\"https:\/\/a.allegroimg.com\/original\/11daa8\/9775bd8242d18c29db348fe3438e\/MEBLE-OGRODOWE-ZESTAW-SOFA-NAROZNIK-2-FOTELE-GARDENOVE-Zawartosc-zestawu-fotel-naroznik-stolik 360w,https:\/\/a.allegroimg.com\/original\/11daa8\/9775bd8242d18c29db348fe3438e\/MEBLE-OGRODOWE-ZESTAW-SOFA-NAROZNIK-2-FOTELE-GARDENOVE-Zawartosc-zestawu-fotel-naroznik-stolik 720w,https:\/\/a.allegroimg.com\/original\/11daa8\/9775bd8242d18c29db348fe3438e\/MEBLE-OGRODOWE-ZESTAW-SOFA-NAROZNIK-2-FOTELE-GARDENOVE-Zawartosc-zestawu-fotel-naroznik-stolik 1024w,https:\/\/a.allegroimg.com\/original\/11daa8\/9775bd8242d18c29db348fe3438e\/MEBLE-OGRODOWE-ZESTAW-SOFA-NAROZNIK-2-FOTELE-GARDENOVE-Zawartosc-zestawu-fotel-naroznik-stolik 1440w,https:\/\/a.allegroimg.com\/original\/11daa8\/9775bd8242d18c29db348fe3438e\/MEBLE-OGRODOWE-ZESTAW-SOFA-NAROZNIK-2-FOTELE-GARDENOVE-Zawartosc-zestawu-fotel-naroznik-stolik 1600w\" sizes=\"(min-width: 1200px) 560px, (min-width: 992px) 50vw, 100vw\" width=\"1600px\" alt=\"MEBLE OGRODOWE ZESTAW SOFA, NARO\u017bNIK + 2 FOTELE, GARDENOVE Zawarto\u015b\u0107 zestawu fotel naro\u017cnik stolik\" style=\"max-width: 100%; height: auto; display: block; margin: 0 auto;\"><\/div>\n<\/div>\n<\/div>\n<\/div>\n<\/div>\n<\/div>\n<div style=\"clear: both; display: block; margin: 10px 0;\">\n<div style=\"clear: both; display: block; margin: 10px 0;\">\n<div style=\"clear: both; display: block; margin: 10px 0;\">\n<div  style=\"max-width:1047px;max-height:751px\">\n<div style=\"clear: both; display: block; margin: 10px 0;\">\n<div style=\"clear: both; width: 100%; display: block; margin: 20px 0; padding: 0; float: none; position: static; text-align: center;\"><img decoding=\"async\"  src=\"https:\/\/a.allegroimg.com\/original\/118b0b\/550b92c34be1815eca944737157e\/MEBLE-OGRODOWE-ZESTAW-SOFA-NAROZNIK-2-FOTELE-GARDENOVE-Przeznaczenie-komplet-wypoczynkowy\" srcset=\"https:\/\/a.allegroimg.com\/original\/118b0b\/550b92c34be1815eca944737157e\/MEBLE-OGRODOWE-ZESTAW-SOFA-NAROZNIK-2-FOTELE-GARDENOVE-Przeznaczenie-komplet-wypoczynkowy 360w,https:\/\/a.allegroimg.com\/original\/118b0b\/550b92c34be1815eca944737157e\/MEBLE-OGRODOWE-ZESTAW-SOFA-NAROZNIK-2-FOTELE-GARDENOVE-Przeznaczenie-komplet-wypoczynkowy 720w,https:\/\/a.allegroimg.com\/original\/118b0b\/550b92c34be1815eca944737157e\/MEBLE-OGRODOWE-ZESTAW-SOFA-NAROZNIK-2-FOTELE-GARDENOVE-Przeznaczenie-komplet-wypoczynkowy 1024w,https:\/\/a.allegroimg.com\/original\/118b0b\/550b92c34be1815eca944737157e\/MEBLE-OGRODOWE-ZESTAW-SOFA-NAROZNIK-2-FOTELE-GARDENOVE-Przeznaczenie-komplet-wypoczynkowy 1047w,https:\/\/a.allegroimg.com\/original\/118b0b\/550b92c34be1815eca944737157e\/MEBLE-OGRODOWE-ZESTAW-SOFA-NAROZNIK-2-FOTELE-GARDENOVE-Przeznaczenie-komplet-wypoczynkowy 1047w\" sizes=\"(min-width: 1200px) 560px, (min-width: 992px) 50vw, 100vw\" width=\"1047px\" alt=\"MEBLE OGRODOWE ZESTAW SOFA, NARO\u017bNIK + 2 FOTELE, GARDENOVE Przeznaczenie komplet wypoczynkowy\" style=\"max-width: 100%; height: auto; display: block; margin: 0 auto;\"><\/div>\n<\/div>\n<\/div>\n<\/div>\n<\/div>\n<div style=\"clear: both; display: block; margin: 10px 0;\">\n<div style=\"clear: both; display: block; margin: 10px 0;\">\n<p style=\"margin: 15px 0; line-height: 1.8; clear: both; display: block; width: 100%; float: none; position: static;\">Idealnie prezentuje si\u0119 na tarasie &#8211; jak i na trawniku. Stolik z blatem z polywood. &nbsp;W zestawie 3 poduszki na siedziska i 6 poduszek na oparcia oraz poduchy na fotel.<\/p>\n<\/div>\n<\/div>\n<\/div>\n<div style=\"clear: both; display: block; margin: 10px 0;\">\n<div style=\"clear: both; display: block; margin: 10px 0;\">\n<div style=\"clear: both; display: block; margin: 10px 0;\">\n<p style=\"margin: 15px 0; line-height: 1.8; clear: both; display: block; width: 100%; float: none; position: static;\">Wymiary:<\/p>\n<p style=\"margin: 15px 0; line-height: 1.8; clear: both; display: block; width: 100%; float: none; position: static;\">siedzisko sofa 130x70cm x2szt<\/p>\n<p style=\"margin: 15px 0; line-height: 1.8; clear: both; display: block; width: 100%; float: none; position: static;\">siedzisko w naro\u017cniku 70x70cm<\/p>\n<p style=\"margin: 15px 0; line-height: 1.8; clear: both; display: block; width: 100%; float: none; position: static;\">fotel 70x70cm<\/p>\n<p style=\"margin: 15px 0; line-height: 1.8; clear: both; display: block; width: 100%; float: none; position: static;\">wysoko\u015b\u0107 siedziska ( z poduchami ) 40cm<\/p>\n<p style=\"margin: 15px 0; line-height: 1.8; clear: both; display: block; width: 100%; float: none; position: static;\">boczne stoliki przy sofie 30&#215;70<\/p>\n<p style=\"margin: 15px 0; line-height: 1.8; clear: both; display: block; width: 100%; float: none; position: static;\">stolik 70x70x43cm<\/p>\n<p style=\"margin: 15px 0; line-height: 1.8; clear: both; display: block; width: 100%; float: none; position: static;\">poduchy na siedziskach &#8211; grubo\u015b\u0107 8cm<\/p>\n<p style=\"margin: 15px 0; line-height: 1.8; clear: both; display: block; width: 100%; float: none; position: static;\">Komplet na palecie. Do samodzielnego z\u0142o\u017cenia.<\/p>\n<\/div>\n<\/div>\n<div style=\"clear: both; display: block; margin: 10px 0;\">\n<div style=\"clear: both; display: block; margin: 10px 0;\">\n<div  style=\"max-width:1600px;max-height:733px\">\n<div style=\"clear: both; display: block; margin: 10px 0;\">\n<div style=\"clear: both; width: 100%; display: block; margin: 20px 0; padding: 0; float: none; position: static; text-align: center;\"><img decoding=\"async\"  src=\"https:\/\/a.allegroimg.com\/original\/116bc6\/3a8e3c744c17a9bd8314104f0d41\" srcset=\"https:\/\/a.allegroimg.com\/original\/116bc6\/3a8e3c744c17a9bd8314104f0d41 360w,https:\/\/a.allegroimg.com\/original\/116bc6\/3a8e3c744c17a9bd8314104f0d41 720w,https:\/\/a.allegroimg.com\/original\/116bc6\/3a8e3c744c17a9bd8314104f0d41 1024w,https:\/\/a.allegroimg.com\/original\/116bc6\/3a8e3c744c17a9bd8314104f0d41 1440w,https:\/\/a.allegroimg.com\/original\/116bc6\/3a8e3c744c17a9bd8314104f0d41 1600w\" sizes=\"(min-width: 1200px) 560px, (min-width: 992px) 50vw, 100vw\" width=\"1600px\" alt=\"\" style=\"max-width: 100%; height: auto; display: block; margin: 0 auto;\"><\/div>\n<\/div>\n<\/div>\n<\/div>\n<\/div>\n<\/div>\n<div style=\"clear: both; display: block; margin: 10px 0;\">\n<div style=\"clear: both; display: block; margin: 10px 0;\">\n<div style=\"clear: both; display: block; margin: 10px 0;\">\n<div  style=\"max-width:2560px;max-height:1719px\">\n<div style=\"clear: both; display: block; margin: 10px 0;\">\n<div style=\"clear: both; width: 100%; display: block; margin: 20px 0; padding: 0; float: none; position: static; text-align: center;\"><img decoding=\"async\"  src=\"https:\/\/a.allegroimg.com\/original\/112f34\/d6ff79a74451afcddcb4889761c2\" srcset=\"https:\/\/a.allegroimg.com\/original\/112f34\/d6ff79a74451afcddcb4889761c2 360w,https:\/\/a.allegroimg.com\/original\/112f34\/d6ff79a74451afcddcb4889761c2 720w,https:\/\/a.allegroimg.com\/original\/112f34\/d6ff79a74451afcddcb4889761c2 1024w,https:\/\/a.allegroimg.com\/original\/112f34\/d6ff79a74451afcddcb4889761c2 1440w,https:\/\/a.allegroimg.com\/original\/112f34\/d6ff79a74451afcddcb4889761c2 2560w\" sizes=\"(min-width: 1200px) 560px, (min-width: 992px) 50vw, 100vw\" width=\"2560px\" alt=\"\" style=\"max-width: 100%; height: auto; display: block; margin: 0 auto;\"><\/div>\n<\/div>\n<\/div>\n<\/div>\n<\/div>\n<div style=\"clear: both; display: block; margin: 10px 0;\">\n<div style=\"clear: both; display: block; margin: 10px 0;\">\n<p style=\"margin: 15px 0; line-height: 1.8; clear: both; display: block; width: 100%; float: none; position: static;\">Materia\u0142 dodatkowo impregnowany&nbsp; (woda nie wsi\u0105ka). Pokrowce zdejmowane od prania.<\/p>\n<\/div>\n<\/div>\n<\/div>\n<div style=\"clear: both; display: block; margin: 10px 0;\">\n<div style=\"clear: both; display: block; margin: 10px 0;\">\n<div style=\"clear: both; display: block; margin: 10px 0;\">\n<div  style=\"max-width:852px;max-height:1278px\">\n<div style=\"clear: both; display: block; margin: 10px 0;\">\n<div style=\"clear: both; width: 100%; display: block; margin: 20px 0; padding: 0; float: none; position: static; text-align: center;\"><img decoding=\"async\"  src=\"https:\/\/a.allegroimg.com\/original\/11156a\/f6ec4a334de2ab9ef3739666c06a\/MEBLE-OGRODOWE-ZESTAW-SOFA-NAROZNIK-2-FOTELE-GARDENOVE-Liczba-osob-7\" srcset=\"https:\/\/a.allegroimg.com\/original\/11156a\/f6ec4a334de2ab9ef3739666c06a\/MEBLE-OGRODOWE-ZESTAW-SOFA-NAROZNIK-2-FOTELE-GARDENOVE-Liczba-osob-7 240w,https:\/\/a.allegroimg.com\/original\/11156a\/f6ec4a334de2ab9ef3739666c06a\/MEBLE-OGRODOWE-ZESTAW-SOFA-NAROZNIK-2-FOTELE-GARDENOVE-Liczba-osob-7 480w,https:\/\/a.allegroimg.com\/original\/11156a\/f6ec4a334de2ab9ef3739666c06a\/MEBLE-OGRODOWE-ZESTAW-SOFA-NAROZNIK-2-FOTELE-GARDENOVE-Liczba-osob-7 682w,https:\/\/a.allegroimg.com\/original\/11156a\/f6ec4a334de2ab9ef3739666c06a\/MEBLE-OGRODOWE-ZESTAW-SOFA-NAROZNIK-2-FOTELE-GARDENOVE-Liczba-osob-7 852w,https:\/\/a.allegroimg.com\/original\/11156a\/f6ec4a334de2ab9ef3739666c06a\/MEBLE-OGRODOWE-ZESTAW-SOFA-NAROZNIK-2-FOTELE-GARDENOVE-Liczba-osob-7 852w\" sizes=\"(min-width: 1200px) 560px, (min-width: 992px) 50vw, 100vw\" width=\"852px\" alt=\"MEBLE OGRODOWE ZESTAW SOFA, NARO\u017bNIK + 2 FOTELE, GARDENOVE Liczba os\u00f3b 7\" style=\"max-width: 100%; height: auto; display: block; margin: 0 auto;\"><\/div>\n<\/div>\n<\/div>\n<\/div>\n<\/div>\n<div style=\"clear: both; display: block; margin: 10px 0;\">\n<div style=\"clear: both; display: block; margin: 10px 0;\">\n<div  style=\"max-width:1974px;max-height:1476px\">\n<div style=\"clear: both; display: block; margin: 10px 0;\">\n<div style=\"clear: both; width: 100%; display: block; margin: 20px 0; padding: 0; float: none; position: static; text-align: center;\"><img decoding=\"async\"  src=\"https:\/\/a.allegroimg.com\/original\/11d9c3\/2366d0aa47f2ad7568417cc0b374\" srcset=\"https:\/\/a.allegroimg.com\/original\/11d9c3\/2366d0aa47f2ad7568417cc0b374 360w,https:\/\/a.allegroimg.com\/original\/11d9c3\/2366d0aa47f2ad7568417cc0b374 720w,https:\/\/a.allegroimg.com\/original\/11d9c3\/2366d0aa47f2ad7568417cc0b374 1024w,https:\/\/a.allegroimg.com\/original\/11d9c3\/2366d0aa47f2ad7568417cc0b374 1440w,https:\/\/a.allegroimg.com\/original\/11d9c3\/2366d0aa47f2ad7568417cc0b374 1974w\" sizes=\"(min-width: 1200px) 560px, (min-width: 992px) 50vw, 100vw\" width=\"1974px\" alt=\"\" style=\"max-width: 100%; height: auto; display: block; margin: 0 auto;\"><\/div>\n<\/div>\n<\/div>\n<\/div>\n<\/div>\n<\/div>\n<div style=\"clear: both; display: block; margin: 10px 0;\">\n<div style=\"clear: both; display: block; margin: 10px 0;\">\n<div style=\"clear: both; display: block; margin: 10px 0;\">\n<div  style=\"max-width:939px;max-height:632px\">\n<div style=\"clear: both; display: block; margin: 10px 0;\">\n<div style=\"clear: both; width: 100%; display: block; margin: 20px 0; padding: 0; float: none; position: static; text-align: center;\"><img decoding=\"async\"  src=\"https:\/\/a.allegroimg.com\/original\/113ea1\/bc2ba3ca4528a0a9d2c85d230138\/MEBLE-OGRODOWE-ZESTAW-SOFA-NAROZNIK-2-FOTELE-GARDENOVE-EAN-GTIN-5903981600915\" srcset=\"https:\/\/a.allegroimg.com\/original\/113ea1\/bc2ba3ca4528a0a9d2c85d230138\/MEBLE-OGRODOWE-ZESTAW-SOFA-NAROZNIK-2-FOTELE-GARDENOVE-EAN-GTIN-5903981600915 360w,https:\/\/a.allegroimg.com\/original\/113ea1\/bc2ba3ca4528a0a9d2c85d230138\/MEBLE-OGRODOWE-ZESTAW-SOFA-NAROZNIK-2-FOTELE-GARDENOVE-EAN-GTIN-5903981600915 720w,https:\/\/a.allegroimg.com\/original\/113ea1\/bc2ba3ca4528a0a9d2c85d230138\/MEBLE-OGRODOWE-ZESTAW-SOFA-NAROZNIK-2-FOTELE-GARDENOVE-EAN-GTIN-5903981600915 939w,https:\/\/a.allegroimg.com\/original\/113ea1\/bc2ba3ca4528a0a9d2c85d230138\/MEBLE-OGRODOWE-ZESTAW-SOFA-NAROZNIK-2-FOTELE-GARDENOVE-EAN-GTIN-5903981600915 939w\" sizes=\"(min-width: 1200px) 560px, (min-width: 992px) 50vw, 100vw\" width=\"939px\" alt=\"MEBLE OGRODOWE ZESTAW SOFA, NARO\u017bNIK + 2 FOTELE, GARDENOVE EAN (GTIN) 5903981600915\" style=\"max-width: 100%; height: auto; display: block; margin: 0 auto;\"><\/div>\n<\/div>\n<\/div>\n<\/div>\n<\/div>\n<div style=\"clear: both; display: block; margin: 10px 0;\">\n<div style=\"clear: both; display: block; margin: 10px 0;\">\n<div  style=\"max-width:1500px;max-height:1086px\">\n<div style=\"clear: both; display: block; margin: 10px 0;\">\n<div style=\"clear: both; width: 100%; display: block; margin: 20px 0; padding: 0; float: none; position: static; text-align: center;\"><img decoding=\"async\"  src=\"https:\/\/a.allegroimg.com\/original\/117e6b\/2c6a501a4c18a83608bb62ae2965\" srcset=\"https:\/\/a.allegroimg.com\/original\/117e6b\/2c6a501a4c18a83608bb62ae2965 360w,https:\/\/a.allegroimg.com\/original\/117e6b\/2c6a501a4c18a83608bb62ae2965 720w,https:\/\/a.allegroimg.com\/original\/117e6b\/2c6a501a4c18a83608bb62ae2965 1024w,https:\/\/a.allegroimg.com\/original\/117e6b\/2c6a501a4c18a83608bb62ae2965 1440w,https:\/\/a.allegroimg.com\/original\/117e6b\/2c6a501a4c18a83608bb62ae2965 1500w\" sizes=\"(min-width: 1200px) 560px, (min-width: 992px) 50vw, 100vw\" width=\"1500px\" alt=\"\" style=\"max-width: 100%; height: auto; display: block; margin: 0 auto;\"><\/div>\n<\/div>\n<\/div>\n<\/div>\n<\/div>\n<\/div>\n<div style=\"clear: both; display: block; margin: 10px 0;\">\n<div style=\"clear: both; display: block; margin: 10px 0;\">\n<div style=\"clear: both; display: block; margin: 10px 0;\">\n<div  style=\"max-width:1536px;max-height:1024px\">\n<div style=\"clear: both; display: block; margin: 10px 0;\">\n<div style=\"clear: both; width: 100%; display: block; margin: 20px 0; padding: 0; float: none; position: static; text-align: center;\"><img decoding=\"async\"  src=\"https:\/\/a.allegroimg.com\/original\/11c089\/50fd5c444534884ee70368a3ac14\/MEBLE-OGRODOWE-ZESTAW-SOFA-NAROZNIK-2-FOTELE-GARDENOVE-Producent-GARDENOVE\" srcset=\"https:\/\/a.allegroimg.com\/original\/11c089\/50fd5c444534884ee70368a3ac14\/MEBLE-OGRODOWE-ZESTAW-SOFA-NAROZNIK-2-FOTELE-GARDENOVE-Producent-GARDENOVE 360w,https:\/\/a.allegroimg.com\/original\/11c089\/50fd5c444534884ee70368a3ac14\/MEBLE-OGRODOWE-ZESTAW-SOFA-NAROZNIK-2-FOTELE-GARDENOVE-Producent-GARDENOVE 720w,https:\/\/a.allegroimg.com\/original\/11c089\/50fd5c444534884ee70368a3ac14\/MEBLE-OGRODOWE-ZESTAW-SOFA-NAROZNIK-2-FOTELE-GARDENOVE-Producent-GARDENOVE 1024w,https:\/\/a.allegroimg.com\/original\/11c089\/50fd5c444534884ee70368a3ac14\/MEBLE-OGRODOWE-ZESTAW-SOFA-NAROZNIK-2-FOTELE-GARDENOVE-Producent-GARDENOVE 1440w,https:\/\/a.allegroimg.com\/original\/11c089\/50fd5c444534884ee70368a3ac14\/MEBLE-OGRODOWE-ZESTAW-SOFA-NAROZNIK-2-FOTELE-GARDENOVE-Producent-GARDENOVE 1536w\" sizes=\"100vw\" width=\"1536px\" alt=\"MEBLE OGRODOWE ZESTAW SOFA, NARO\u017bNIK + 2 FOTELE, GARDENOVE Producent GARDENOVE\" style=\"max-width: 100%; height: auto; display: block; margin: 0 auto;\"><\/div>\n<\/div>\n<\/div>\n<\/div>\n<\/div>\n<\/div>\n<\/div>\n<\/div>\n<\/div>\n<div style=\"clear: both; display: block; margin: 10px 0;\">\n","protected":false},"excerpt":{"rendered":"<p>Zestaw mebli ogrodowych SR100AA&nbsp; &#8211; marki GARDENOVE<\/p>\n<p>Kolor deseczek&nbsp; &#8211; jasny br\u0105z<\/p>\n<p>Kolor poduszek &#8211; ciemno szary<\/p>\n<p>W zestawie: sofa w formie naro\u017cnika 3 elementy + 2 fotele i stolik. Fotele mo\u017cna postawi\u0107 wewn\u0105trz naro\u017cnika &#8211; wyd\u0142u\u017caj\u0105c w ten spos\u00f3b sof\u0119.<\/p>\n<p>Wiele mo\u017cliwo\u015bci ustawienia zestawu. Np. Lewy\/prawy naro\u017cnik + 3 fotele lub fotel i pufa ( mo\u017cna nie zak\u0142ada\u0107 oparcia )<\/p>\n<p>Konstrukcja zestawu : stalowa<\/p>\n<p>Imitacja drewna &#8211; polywood<\/p>\n<p>ZESTAW W PRZEDSPRZEDA\u017bY<\/p>\n","protected":false},"featured_media":16211,"template":"","meta":{"_uag_custom_page_level_css":""},"product_brand":[977],"product_cat":[532,542,541],"product_tag":[],"class_list":{"0":"post-16210","1":"product","2":"type-product","3":"status-publish","4":"has-post-thumbnail","6":"product_brand-gardenove","7":"product_cat-komplety-mebli","8":"product_cat-meble-ogrodowe","9":"product_cat-ogrod","10":"product_shipping_class-transport-na-paletach","12":"first","13":"instock","14":"sale","15":"shipping-taxable","16":"purchasable","17":"product-type-simple"},"uagb_featured_image_src":{"full":["https:\/\/lunzavo.shop\/grill\/wp-content\/uploads\/2026\/04\/allegro-image-16210.jpg",1600,963,false],"thumbnail":["https:\/\/lunzavo.shop\/grill\/wp-content\/uploads\/2026\/04\/allegro-image-16210-150x150.jpg",150,150,true],"medium":["https:\/\/lunzavo.shop\/grill\/wp-content\/uploads\/2026\/04\/allegro-image-16210-300x181.jpg",300,181,true],"medium_large":["https:\/\/lunzavo.shop\/grill\/wp-content\/uploads\/2026\/04\/allegro-image-16210-768x462.jpg",768,462,true],"large":["https:\/\/lunzavo.shop\/grill\/wp-content\/uploads\/2026\/04\/allegro-image-16210-1024x616.jpg",1024,616,true],"1536x1536":["https:\/\/lunzavo.shop\/grill\/wp-content\/uploads\/2026\/04\/allegro-image-16210-1536x924.jpg",1536,924,true],"2048x2048":["https:\/\/lunzavo.shop\/grill\/wp-content\/uploads\/2026\/04\/allegro-image-16210.jpg",1600,963,false],"woocommerce_thumbnail":["https:\/\/lunzavo.shop\/grill\/wp-content\/uploads\/2026\/04\/allegro-image-16210-300x300.jpg",300,300,true],"woocommerce_single":["https:\/\/lunzavo.shop\/grill\/wp-content\/uploads\/2026\/04\/allegro-image-16210-600x361.jpg",600,361,true],"woocommerce_gallery_thumbnail":["https:\/\/lunzavo.shop\/grill\/wp-content\/uploads\/2026\/04\/allegro-image-16210-100x100.jpg",100,100,true]},"uagb_author_info":{"display_name":"admin","author_link":"https:\/\/lunzavo.shop\/grill\/author\/"},"uagb_comment_info":0,"uagb_excerpt":"Zestaw mebli ogrodowych SR100AA&nbsp; - marki GARDENOVE Kolor deseczek&nbsp; - jasny br\u0105z Kolor poduszek - ciemno szary W zestawie: sofa w formie naro\u017cnika 3 elementy + 2 fotele i stolik. Fotele mo\u017cna postawi\u0107 wewn\u0105trz naro\u017cnika - wyd\u0142u\u017caj\u0105c w ten spos\u00f3b sof\u0119. Wiele mo\u017cliwo\u015bci ustawienia zestawu. Np. Lewy\/prawy naro\u017cnik + 3 fotele lub fotel i pufa&hellip;","_links":{"self":[{"href":"https:\/\/lunzavo.shop\/grill\/wp-json\/wp\/v2\/product\/16210","targetHints":{"allow":["GET"]}}],"collection":[{"href":"https:\/\/lunzavo.shop\/grill\/wp-json\/wp\/v2\/product"}],"about":[{"href":"https:\/\/lunzavo.shop\/grill\/wp-json\/wp\/v2\/types\/product"}],"wp:featuredmedia":[{"embeddable":true,"href":"https:\/\/lunzavo.shop\/grill\/wp-json\/wp\/v2\/media\/16211"}],"wp:attachment":[{"href":"https:\/\/lunzavo.shop\/grill\/wp-json\/wp\/v2\/media?parent=16210"}],"wp:term":[{"taxonomy":"product_brand","embeddable":true,"href":"https:\/\/lunzavo.shop\/grill\/wp-json\/wp\/v2\/product_brand?post=16210"},{"taxonomy":"product_cat","embeddable":true,"href":"https:\/\/lunzavo.shop\/grill\/wp-json\/wp\/v2\/product_cat?post=16210"},{"taxonomy":"product_tag","embeddable":true,"href":"https:\/\/lunzavo.shop\/grill\/wp-json\/wp\/v2\/product_tag?post=16210"}],"curies":[{"name":"wp","href":"https:\/\/api.w.org\/{rel}","templated":true}]}}