{"id":16119,"date":"2026-04-06T19:54:09","date_gmt":"2026-04-06T18:54:09","guid":{"rendered":"https:\/\/grillcentrum.shop\/gree\/produkt\/zestaw-meble-ogrodowe-naroznik-9-osob-sofa-wysoki-stol-gardenove\/"},"modified":"2026-04-11T02:22:37","modified_gmt":"2026-04-11T01:22:37","slug":"zestaw-meble-ogrodowe-naroznik-9-osob-sofa-wysoki-stol-gardenove","status":"publish","type":"product","link":"https:\/\/lunzavo.shop\/grill\/produkt\/zestaw-meble-ogrodowe-naroznik-9-osob-sofa-wysoki-stol-gardenove\/","title":{"rendered":"ZESTAW MEBLE OGRODOWE NARO\u017bNIK 9 OS\u00d3B, SOFA WYSOKI ST\u00d3\u0141 &#8211; GARDENOVE"},"content":{"rendered":"<div style=\"font-family: Arial, sans-serif; line-height: 1.6; color: #333; padding: 20px; clear: both; display: block; width: 100%; float: none; position: static; overflow: hidden;\">\n<div style=\"clear: both; display: block; margin: 10px 0;\">\n<div style=\"clear: both; display: block; margin: 10px 0;\">\n<div style=\"clear: both; display: block; margin: 10px 0;\">\n<div  style=\"max-width:1536px;max-height:1024px\">\n<div style=\"clear: both; display: block; margin: 10px 0;\">\n<div style=\"clear: both; width: 100%; display: block; margin: 20px 0; padding: 0; float: none; position: static; text-align: center;\"><img decoding=\"async\"  src=\"https:\/\/a.allegroimg.com\/original\/11c5bd\/b3eac9434854a29e3c1893bd9c09\/ZESTAW-MEBLE-OGRODOWE-NAROZNIK-9-OSOB-SOFA-WYSOKI-STOL-GARDENOVE-Kod-producenta-SR110\" srcset=\"https:\/\/a.allegroimg.com\/original\/11c5bd\/b3eac9434854a29e3c1893bd9c09\/ZESTAW-MEBLE-OGRODOWE-NAROZNIK-9-OSOB-SOFA-WYSOKI-STOL-GARDENOVE-Kod-producenta-SR110 360w,https:\/\/a.allegroimg.com\/original\/11c5bd\/b3eac9434854a29e3c1893bd9c09\/ZESTAW-MEBLE-OGRODOWE-NAROZNIK-9-OSOB-SOFA-WYSOKI-STOL-GARDENOVE-Kod-producenta-SR110 720w,https:\/\/a.allegroimg.com\/original\/11c5bd\/b3eac9434854a29e3c1893bd9c09\/ZESTAW-MEBLE-OGRODOWE-NAROZNIK-9-OSOB-SOFA-WYSOKI-STOL-GARDENOVE-Kod-producenta-SR110 1024w,https:\/\/a.allegroimg.com\/original\/11c5bd\/b3eac9434854a29e3c1893bd9c09\/ZESTAW-MEBLE-OGRODOWE-NAROZNIK-9-OSOB-SOFA-WYSOKI-STOL-GARDENOVE-Kod-producenta-SR110 1440w,https:\/\/a.allegroimg.com\/original\/11c5bd\/b3eac9434854a29e3c1893bd9c09\/ZESTAW-MEBLE-OGRODOWE-NAROZNIK-9-OSOB-SOFA-WYSOKI-STOL-GARDENOVE-Kod-producenta-SR110 1536w\" sizes=\"100vw\" width=\"1536px\" alt=\"ZESTAW MEBLE OGRODOWE NARO\u017bNIK 9 OS\u00d3B, SOFA WYSOKI ST\u00d3\u0141 - GARDENOVE Kod producenta SR110\" style=\"max-width: 100%; height: auto; display: block; margin: 0 auto;\"><\/div>\n<\/div>\n<\/div>\n<\/div>\n<\/div>\n<\/div>\n<div style=\"clear: both; display: block; margin: 10px 0;\">\n<div style=\"clear: both; display: block; margin: 10px 0;\">\n<div style=\"clear: both; display: block; margin: 10px 0;\">\n<p style=\"margin: 15px 0; line-height: 1.8; clear: both; display: block; width: 100%; float: none; position: static;\">Zestaw mebli ogrodowych SR110&nbsp; &#8211; marki GARDENOVE<\/p>\n<p style=\"margin: 15px 0; line-height: 1.8; clear: both; display: block; width: 100%; float: none; position: static;\">Kolor deseczek&nbsp; &#8211; <b>jasny br\u0105z<\/b><\/p>\n<p style=\"margin: 15px 0; line-height: 1.8; clear: both; display: block; width: 100%; float: none; position: static;\">Kolor poduszek &#8211; <b>ciemno<\/b> <b>szary<\/b><\/p>\n<p style=\"margin: 15px 0; line-height: 1.8; clear: both; display: block; width: 100%; float: none; position: static;\">W zestawie: 2 x sofa w formie naro\u017cnika 2 elementy.<\/p>\n<p style=\"margin: 15px 0; line-height: 1.8; clear: both; display: block; width: 100%; float: none; position: static;\">Dodatkowo fotel i 2 pofu + du\u017cy st\u00f3\u0142 obiadowy.<\/p>\n<p style=\"margin: 15px 0; line-height: 1.8; clear: both; display: block; width: 100%; float: none; position: static;\">Konstrukcja zestawu : stalowa<\/p>\n<p style=\"margin: 15px 0; line-height: 1.8; clear: both; display: block; width: 100%; float: none; position: static;\">Imitacja drewna &#8211; polywood<\/p>\n<h3 style=\"color: #2c5aa0; font-size: 18px; margin: 30px 0 15px 0; font-weight: bold; clear: both; display: block; width: 100%; float: none; position: static;\">ZESTAW W PRZEDSPRZEDA\u017bY<\/h3>\n<p style=\"margin: 15px 0; line-height: 1.8; clear: both; display: block; width: 100%; float: none; position: static;\">Planowana dostawa po 20 maja. W\u00f3wczas b\u0119d\u0105 realizowane wysy\u0142ki.<\/p>\n<\/div>\n<\/div>\n<div style=\"clear: both; display: block; margin: 10px 0;\">\n<div style=\"clear: both; display: block; margin: 10px 0;\">\n<div  style=\"max-width:900px;max-height:900px\">\n<div style=\"clear: both; display: block; margin: 10px 0;\">\n<div style=\"clear: both; width: 100%; display: block; margin: 20px 0; padding: 0; float: none; position: static; text-align: center;\"><img decoding=\"async\"  src=\"https:\/\/a.allegroimg.com\/original\/11d179\/4d32f1b646799fab97540851b895\/ZESTAW-MEBLE-OGRODOWE-NAROZNIK-9-OSOB-SOFA-WYSOKI-STOL-GARDENOVE-EAN-GTIN-5903981600960\" srcset=\"https:\/\/a.allegroimg.com\/original\/11d179\/4d32f1b646799fab97540851b895\/ZESTAW-MEBLE-OGRODOWE-NAROZNIK-9-OSOB-SOFA-WYSOKI-STOL-GARDENOVE-EAN-GTIN-5903981600960 360w,https:\/\/a.allegroimg.com\/original\/11d179\/4d32f1b646799fab97540851b895\/ZESTAW-MEBLE-OGRODOWE-NAROZNIK-9-OSOB-SOFA-WYSOKI-STOL-GARDENOVE-EAN-GTIN-5903981600960 720w,https:\/\/a.allegroimg.com\/original\/11d179\/4d32f1b646799fab97540851b895\/ZESTAW-MEBLE-OGRODOWE-NAROZNIK-9-OSOB-SOFA-WYSOKI-STOL-GARDENOVE-EAN-GTIN-5903981600960 900w,https:\/\/a.allegroimg.com\/original\/11d179\/4d32f1b646799fab97540851b895\/ZESTAW-MEBLE-OGRODOWE-NAROZNIK-9-OSOB-SOFA-WYSOKI-STOL-GARDENOVE-EAN-GTIN-5903981600960 900w\" sizes=\"(min-width: 1200px) 560px, (min-width: 992px) 50vw, 100vw\" width=\"900px\" alt=\"ZESTAW MEBLE OGRODOWE NARO\u017bNIK 9 OS\u00d3B, SOFA WYSOKI ST\u00d3\u0141 - GARDENOVE EAN (GTIN) 5903981600960\" style=\"max-width: 100%; height: auto; display: block; margin: 0 auto;\"><\/div>\n<\/div>\n<\/div>\n<\/div>\n<\/div>\n<\/div>\n<div style=\"clear: both; display: block; margin: 10px 0;\">\n<div style=\"clear: both; display: block; margin: 10px 0;\">\n<div style=\"clear: both; display: block; margin: 10px 0;\">\n<div  style=\"max-width:1536px;max-height:1024px\">\n<div style=\"clear: both; display: block; margin: 10px 0;\">\n<div style=\"clear: both; width: 100%; display: block; margin: 20px 0; padding: 0; float: none; position: static; text-align: center;\"><img decoding=\"async\"  src=\"https:\/\/a.allegroimg.com\/original\/115a61\/7eef167243cd98cee5e8e980ee5f\/ZESTAW-MEBLE-OGRODOWE-NAROZNIK-9-OSOB-SOFA-WYSOKI-STOL-GARDENOVE-Producent-GARDENOVE\" srcset=\"https:\/\/a.allegroimg.com\/original\/115a61\/7eef167243cd98cee5e8e980ee5f\/ZESTAW-MEBLE-OGRODOWE-NAROZNIK-9-OSOB-SOFA-WYSOKI-STOL-GARDENOVE-Producent-GARDENOVE 360w,https:\/\/a.allegroimg.com\/original\/115a61\/7eef167243cd98cee5e8e980ee5f\/ZESTAW-MEBLE-OGRODOWE-NAROZNIK-9-OSOB-SOFA-WYSOKI-STOL-GARDENOVE-Producent-GARDENOVE 720w,https:\/\/a.allegroimg.com\/original\/115a61\/7eef167243cd98cee5e8e980ee5f\/ZESTAW-MEBLE-OGRODOWE-NAROZNIK-9-OSOB-SOFA-WYSOKI-STOL-GARDENOVE-Producent-GARDENOVE 1024w,https:\/\/a.allegroimg.com\/original\/115a61\/7eef167243cd98cee5e8e980ee5f\/ZESTAW-MEBLE-OGRODOWE-NAROZNIK-9-OSOB-SOFA-WYSOKI-STOL-GARDENOVE-Producent-GARDENOVE 1440w,https:\/\/a.allegroimg.com\/original\/115a61\/7eef167243cd98cee5e8e980ee5f\/ZESTAW-MEBLE-OGRODOWE-NAROZNIK-9-OSOB-SOFA-WYSOKI-STOL-GARDENOVE-Producent-GARDENOVE 1536w\" sizes=\"(min-width: 1200px) 560px, (min-width: 992px) 50vw, 100vw\" width=\"1536px\" alt=\"ZESTAW MEBLE OGRODOWE NARO\u017bNIK 9 OS\u00d3B, SOFA WYSOKI ST\u00d3\u0141 - GARDENOVE Producent GARDENOVE\" style=\"max-width: 100%; height: auto; display: block; margin: 0 auto;\"><\/div>\n<\/div>\n<\/div>\n<\/div>\n<\/div>\n<div style=\"clear: both; display: block; margin: 10px 0;\">\n<div style=\"clear: both; display: block; margin: 10px 0;\">\n<div  style=\"max-width:1024px;max-height:1024px\">\n<div style=\"clear: both; display: block; margin: 10px 0;\">\n<div style=\"clear: both; width: 100%; display: block; margin: 20px 0; padding: 0; float: none; position: static; text-align: center;\"><img decoding=\"async\"  src=\"https:\/\/a.allegroimg.com\/original\/11401c\/af94e8f04fe990a76905754876af\/ZESTAW-MEBLE-OGRODOWE-NAROZNIK-9-OSOB-SOFA-WYSOKI-STOL-GARDENOVE-Material-dominujacy-tworzywo-sztuczne\" srcset=\"https:\/\/a.allegroimg.com\/original\/11401c\/af94e8f04fe990a76905754876af\/ZESTAW-MEBLE-OGRODOWE-NAROZNIK-9-OSOB-SOFA-WYSOKI-STOL-GARDENOVE-Material-dominujacy-tworzywo-sztuczne 360w,https:\/\/a.allegroimg.com\/original\/11401c\/af94e8f04fe990a76905754876af\/ZESTAW-MEBLE-OGRODOWE-NAROZNIK-9-OSOB-SOFA-WYSOKI-STOL-GARDENOVE-Material-dominujacy-tworzywo-sztuczne 720w,https:\/\/a.allegroimg.com\/original\/11401c\/af94e8f04fe990a76905754876af\/ZESTAW-MEBLE-OGRODOWE-NAROZNIK-9-OSOB-SOFA-WYSOKI-STOL-GARDENOVE-Material-dominujacy-tworzywo-sztuczne 1024w,https:\/\/a.allegroimg.com\/original\/11401c\/af94e8f04fe990a76905754876af\/ZESTAW-MEBLE-OGRODOWE-NAROZNIK-9-OSOB-SOFA-WYSOKI-STOL-GARDENOVE-Material-dominujacy-tworzywo-sztuczne 1024w\" sizes=\"(min-width: 1200px) 560px, (min-width: 992px) 50vw, 100vw\" width=\"1024px\" alt=\"ZESTAW MEBLE OGRODOWE NARO\u017bNIK 9 OS\u00d3B, SOFA WYSOKI ST\u00d3\u0141 - GARDENOVE Materia\u0142 dominuj\u0105cy tworzywo sztuczne\" style=\"max-width: 100%; height: auto; display: block; margin: 0 auto;\"><\/div>\n<\/div>\n<\/div>\n<\/div>\n<\/div>\n<\/div>\n<div style=\"clear: both; display: block; margin: 10px 0;\">\n<div style=\"clear: both; display: block; margin: 10px 0;\">\n<div style=\"clear: both; display: block; margin: 10px 0;\">\n<div  style=\"max-width:2048px;max-height:2048px\">\n<div style=\"clear: both; display: block; margin: 10px 0;\">\n<div style=\"clear: both; width: 100%; display: block; margin: 20px 0; padding: 0; float: none; position: static; text-align: center;\"><img decoding=\"async\"  src=\"https:\/\/a.allegroimg.com\/original\/11ecfa\/01429deb4361aa06a95a67bac1cc\/ZESTAW-MEBLE-OGRODOWE-NAROZNIK-9-OSOB-SOFA-WYSOKI-STOL-GARDENOVE-Kolor-szary\" srcset=\"https:\/\/a.allegroimg.com\/original\/11ecfa\/01429deb4361aa06a95a67bac1cc\/ZESTAW-MEBLE-OGRODOWE-NAROZNIK-9-OSOB-SOFA-WYSOKI-STOL-GARDENOVE-Kolor-szary 360w,https:\/\/a.allegroimg.com\/original\/11ecfa\/01429deb4361aa06a95a67bac1cc\/ZESTAW-MEBLE-OGRODOWE-NAROZNIK-9-OSOB-SOFA-WYSOKI-STOL-GARDENOVE-Kolor-szary 720w,https:\/\/a.allegroimg.com\/original\/11ecfa\/01429deb4361aa06a95a67bac1cc\/ZESTAW-MEBLE-OGRODOWE-NAROZNIK-9-OSOB-SOFA-WYSOKI-STOL-GARDENOVE-Kolor-szary 1024w,https:\/\/a.allegroimg.com\/original\/11ecfa\/01429deb4361aa06a95a67bac1cc\/ZESTAW-MEBLE-OGRODOWE-NAROZNIK-9-OSOB-SOFA-WYSOKI-STOL-GARDENOVE-Kolor-szary 1440w,https:\/\/a.allegroimg.com\/original\/11ecfa\/01429deb4361aa06a95a67bac1cc\/ZESTAW-MEBLE-OGRODOWE-NAROZNIK-9-OSOB-SOFA-WYSOKI-STOL-GARDENOVE-Kolor-szary 2048w\" sizes=\"(min-width: 1200px) 560px, (min-width: 992px) 50vw, 100vw\" width=\"2048px\" alt=\"ZESTAW MEBLE OGRODOWE NARO\u017bNIK 9 OS\u00d3B, SOFA WYSOKI ST\u00d3\u0141 - GARDENOVE Kolor szary\" style=\"max-width: 100%; height: auto; display: block; margin: 0 auto;\"><\/div>\n<\/div>\n<\/div>\n<\/div>\n<\/div>\n<div style=\"clear: both; display: block; margin: 10px 0;\">\n<div style=\"clear: both; display: block; margin: 10px 0;\">\n<p style=\"margin: 15px 0; line-height: 1.8; clear: both; display: block; width: 100%; float: none; position: static;\">Idealnie prezentuje si\u0119 na tarasie &#8211; jak i na trawniku. St\u00f3\u0142 z blatem z polywood. &nbsp;W zestawie 2 poduszki na siedziska, 1 na fotel i 2 na pufy oraz 8 poduszek na oparcia.<\/p>\n<\/div>\n<\/div>\n<\/div>\n<div style=\"clear: both; display: block; margin: 10px 0;\">\n<div style=\"clear: both; display: block; margin: 10px 0;\">\n<div style=\"clear: both; display: block; margin: 10px 0;\">\n<p style=\"margin: 15px 0; line-height: 1.8; clear: both; display: block; width: 100%; float: none; position: static;\">Wymiary:<\/p>\n<p style=\"margin: 15px 0; line-height: 1.8; clear: both; display: block; width: 100%; float: none; position: static;\">naro\u017cnik 187x253cm<\/p>\n<p style=\"margin: 15px 0; line-height: 1.8; clear: both; display: block; width: 100%; float: none; position: static;\">(lewa strona 187x70cm i prawa 183x70cm)<\/p>\n<p style=\"margin: 15px 0; line-height: 1.8; clear: both; display: block; width: 100%; float: none; position: static;\">wysoko\u015b\u0107 siedziska ( z poduchami ) 44cm<\/p>\n<p style=\"margin: 15px 0; line-height: 1.8; clear: both; display: block; width: 100%; float: none; position: static;\">st\u00f3\u0142 140x78cm&nbsp; &nbsp;wysoko\u015b\u0107 73cm<\/p>\n<p style=\"margin: 15px 0; line-height: 1.8; clear: both; display: block; width: 100%; float: none; position: static;\">pufa 40x60cm<\/p>\n<p style=\"margin: 15px 0; line-height: 1.8; clear: both; display: block; width: 100%; float: none; position: static;\">poduchy na siedziskach &#8211; grubo\u015b\u0107 10cm<\/p>\n<p style=\"margin: 15px 0; line-height: 1.8; clear: both; display: block; width: 100%; float: none; position: static;\">poduchy na oparcia 60x40cm&nbsp; grubo\u015b\u0107 18cm<\/p>\n<p style=\"margin: 15px 0; line-height: 1.8; clear: both; display: block; width: 100%; float: none; position: static;\">Komplet do samodzielnego z\u0142o\u017cenia.<\/p>\n<\/div>\n<\/div>\n<\/div>\n<div style=\"clear: both; display: block; margin: 10px 0;\">\n<div style=\"clear: both; display: block; margin: 10px 0;\">\n<div style=\"clear: both; display: block; margin: 10px 0;\">\n<div  style=\"max-width:2560px;max-height:1719px\">\n<div style=\"clear: both; display: block; margin: 10px 0;\">\n<div style=\"clear: both; width: 100%; display: block; margin: 20px 0; padding: 0; float: none; position: static; text-align: center;\"><img decoding=\"async\"  src=\"https:\/\/a.allegroimg.com\/original\/112f34\/d6ff79a74451afcddcb4889761c2\/ZESTAW-MEBLE-OGRODOWE-NAROZNIK-9-OSOB-SOFA-WYSOKI-STOL-GARDENOVE-Przeznaczenie-komplet-obiadowy\" srcset=\"https:\/\/a.allegroimg.com\/original\/112f34\/d6ff79a74451afcddcb4889761c2\/ZESTAW-MEBLE-OGRODOWE-NAROZNIK-9-OSOB-SOFA-WYSOKI-STOL-GARDENOVE-Przeznaczenie-komplet-obiadowy 360w,https:\/\/a.allegroimg.com\/original\/112f34\/d6ff79a74451afcddcb4889761c2\/ZESTAW-MEBLE-OGRODOWE-NAROZNIK-9-OSOB-SOFA-WYSOKI-STOL-GARDENOVE-Przeznaczenie-komplet-obiadowy 720w,https:\/\/a.allegroimg.com\/original\/112f34\/d6ff79a74451afcddcb4889761c2\/ZESTAW-MEBLE-OGRODOWE-NAROZNIK-9-OSOB-SOFA-WYSOKI-STOL-GARDENOVE-Przeznaczenie-komplet-obiadowy 1024w,https:\/\/a.allegroimg.com\/original\/112f34\/d6ff79a74451afcddcb4889761c2\/ZESTAW-MEBLE-OGRODOWE-NAROZNIK-9-OSOB-SOFA-WYSOKI-STOL-GARDENOVE-Przeznaczenie-komplet-obiadowy 1440w,https:\/\/a.allegroimg.com\/original\/112f34\/d6ff79a74451afcddcb4889761c2\/ZESTAW-MEBLE-OGRODOWE-NAROZNIK-9-OSOB-SOFA-WYSOKI-STOL-GARDENOVE-Przeznaczenie-komplet-obiadowy 2560w\" sizes=\"(min-width: 1200px) 560px, (min-width: 992px) 50vw, 100vw\" width=\"2560px\" alt=\"ZESTAW MEBLE OGRODOWE NARO\u017bNIK 9 OS\u00d3B, SOFA WYSOKI ST\u00d3\u0141 - GARDENOVE Przeznaczenie komplet obiadowy\" style=\"max-width: 100%; height: auto; display: block; margin: 0 auto;\"><\/div>\n<\/div>\n<\/div>\n<\/div>\n<\/div>\n<div style=\"clear: both; display: block; margin: 10px 0;\">\n<div style=\"clear: both; display: block; margin: 10px 0;\">\n<p style=\"margin: 15px 0; line-height: 1.8; clear: both; display: block; width: 100%; float: none; position: static;\">Materia\u0142 dodatkowo impregnowany&nbsp; (woda nie wsi\u0105ka). Pokrowce zdejmowane do prania.<\/p>\n<\/div>\n<\/div>\n<\/div>\n<div style=\"clear: both; display: block; margin: 10px 0;\">\n<div style=\"clear: both; display: block; margin: 10px 0;\">\n<div style=\"clear: both; display: block; margin: 10px 0;\">\n<div  style=\"max-width:1024px;max-height:1024px\">\n<div style=\"clear: both; display: block; margin: 10px 0;\">\n<div style=\"clear: both; width: 100%; display: block; margin: 20px 0; padding: 0; float: none; position: static; text-align: center;\"><img decoding=\"async\"  src=\"https:\/\/a.allegroimg.com\/original\/114651\/8569add444b98b45e892301a8bf3\/ZESTAW-MEBLE-OGRODOWE-NAROZNIK-9-OSOB-SOFA-WYSOKI-STOL-GARDENOVE-Zawartosc-zestawu-fotel-naroznik-puf-stol\" srcset=\"https:\/\/a.allegroimg.com\/original\/114651\/8569add444b98b45e892301a8bf3\/ZESTAW-MEBLE-OGRODOWE-NAROZNIK-9-OSOB-SOFA-WYSOKI-STOL-GARDENOVE-Zawartosc-zestawu-fotel-naroznik-puf-stol 360w,https:\/\/a.allegroimg.com\/original\/114651\/8569add444b98b45e892301a8bf3\/ZESTAW-MEBLE-OGRODOWE-NAROZNIK-9-OSOB-SOFA-WYSOKI-STOL-GARDENOVE-Zawartosc-zestawu-fotel-naroznik-puf-stol 720w,https:\/\/a.allegroimg.com\/original\/114651\/8569add444b98b45e892301a8bf3\/ZESTAW-MEBLE-OGRODOWE-NAROZNIK-9-OSOB-SOFA-WYSOKI-STOL-GARDENOVE-Zawartosc-zestawu-fotel-naroznik-puf-stol 1024w,https:\/\/a.allegroimg.com\/original\/114651\/8569add444b98b45e892301a8bf3\/ZESTAW-MEBLE-OGRODOWE-NAROZNIK-9-OSOB-SOFA-WYSOKI-STOL-GARDENOVE-Zawartosc-zestawu-fotel-naroznik-puf-stol 1024w\" sizes=\"(min-width: 1200px) 560px, (min-width: 992px) 50vw, 100vw\" width=\"1024px\" alt=\"ZESTAW MEBLE OGRODOWE NARO\u017bNIK 9 OS\u00d3B, SOFA WYSOKI ST\u00d3\u0141 - GARDENOVE Zawarto\u015b\u0107 zestawu fotel naro\u017cnik puf st\u00f3\u0142\" style=\"max-width: 100%; height: auto; display: block; margin: 0 auto;\"><\/div>\n<\/div>\n<\/div>\n<\/div>\n<\/div>\n<div style=\"clear: both; display: block; margin: 10px 0;\">\n<div style=\"clear: both; display: block; margin: 10px 0;\">\n<div  style=\"max-width:2048px;max-height:2048px\">\n<div style=\"clear: both; display: block; margin: 10px 0;\">\n<div style=\"clear: both; width: 100%; display: block; margin: 20px 0; padding: 0; float: none; position: static; text-align: center;\"><img decoding=\"async\"  src=\"https:\/\/a.allegroimg.com\/original\/111948\/c42ce48649fdb4ffec38b6059538\/ZESTAW-MEBLE-OGRODOWE-NAROZNIK-9-OSOB-SOFA-WYSOKI-STOL-GARDENOVE-Liczba-osob-wiecej-niz-8\" srcset=\"https:\/\/a.allegroimg.com\/original\/111948\/c42ce48649fdb4ffec38b6059538\/ZESTAW-MEBLE-OGRODOWE-NAROZNIK-9-OSOB-SOFA-WYSOKI-STOL-GARDENOVE-Liczba-osob-wiecej-niz-8 360w,https:\/\/a.allegroimg.com\/original\/111948\/c42ce48649fdb4ffec38b6059538\/ZESTAW-MEBLE-OGRODOWE-NAROZNIK-9-OSOB-SOFA-WYSOKI-STOL-GARDENOVE-Liczba-osob-wiecej-niz-8 720w,https:\/\/a.allegroimg.com\/original\/111948\/c42ce48649fdb4ffec38b6059538\/ZESTAW-MEBLE-OGRODOWE-NAROZNIK-9-OSOB-SOFA-WYSOKI-STOL-GARDENOVE-Liczba-osob-wiecej-niz-8 1024w,https:\/\/a.allegroimg.com\/original\/111948\/c42ce48649fdb4ffec38b6059538\/ZESTAW-MEBLE-OGRODOWE-NAROZNIK-9-OSOB-SOFA-WYSOKI-STOL-GARDENOVE-Liczba-osob-wiecej-niz-8 1440w,https:\/\/a.allegroimg.com\/original\/111948\/c42ce48649fdb4ffec38b6059538\/ZESTAW-MEBLE-OGRODOWE-NAROZNIK-9-OSOB-SOFA-WYSOKI-STOL-GARDENOVE-Liczba-osob-wiecej-niz-8 2048w\" sizes=\"(min-width: 1200px) 560px, (min-width: 992px) 50vw, 100vw\" width=\"2048px\" alt=\"ZESTAW MEBLE OGRODOWE NARO\u017bNIK 9 OS\u00d3B, SOFA WYSOKI ST\u00d3\u0141 - GARDENOVE Liczba os\u00f3b wi\u0119cej ni\u017c 8\" style=\"max-width: 100%; height: auto; display: block; margin: 0 auto;\"><\/div>\n<\/div>\n<\/div>\n<\/div>\n<\/div>\n<\/div>\n<\/div>\n<\/div>\n<\/div>\n<div style=\"clear: both; display: block; margin: 10px 0;\">\n","protected":false},"excerpt":{"rendered":"<p>Zestaw mebli ogrodowych SR110&nbsp; &#8211; marki GARDENOVE<\/p>\n<p>Kolor deseczek&nbsp; &#8211; jasny br\u0105z<\/p>\n<p>Kolor poduszek &#8211; ciemno szary<\/p>\n<p>W zestawie: 2 x sofa w formie naro\u017cnika 2 elementy.<\/p>\n<p>Dodatkowo fotel i 2 pofu + du\u017cy st\u00f3\u0142 obiadowy.<\/p>\n<p>Konstrukcja zestawu : stalowa<\/p>\n<p>Imitacja drewna &#8211; polywood<\/p>\n<p>ZESTAW W PRZEDSPRZEDA\u017bY<\/p>\n","protected":false},"featured_media":16120,"template":"","meta":{"_uag_custom_page_level_css":""},"product_brand":[977],"product_cat":[532,542,541],"product_tag":[],"class_list":{"0":"post-16119","1":"product","2":"type-product","3":"status-publish","4":"has-post-thumbnail","6":"product_brand-gardenove","7":"product_cat-komplety-mebli","8":"product_cat-meble-ogrodowe","9":"product_cat-ogrod","11":"first","12":"instock","13":"sale","14":"shipping-taxable","15":"purchasable","16":"product-type-simple"},"uagb_featured_image_src":{"full":["https:\/\/lunzavo.shop\/grill\/wp-content\/uploads\/2026\/04\/allegro-image-16119.jpg",1451,727,false],"thumbnail":["https:\/\/lunzavo.shop\/grill\/wp-content\/uploads\/2026\/04\/allegro-image-16119-150x150.jpg",150,150,true],"medium":["https:\/\/lunzavo.shop\/grill\/wp-content\/uploads\/2026\/04\/allegro-image-16119-300x150.jpg",300,150,true],"medium_large":["https:\/\/lunzavo.shop\/grill\/wp-content\/uploads\/2026\/04\/allegro-image-16119-768x385.jpg",768,385,true],"large":["https:\/\/lunzavo.shop\/grill\/wp-content\/uploads\/2026\/04\/allegro-image-16119-1024x513.jpg",1024,513,true],"1536x1536":["https:\/\/lunzavo.shop\/grill\/wp-content\/uploads\/2026\/04\/allegro-image-16119.jpg",1451,727,false],"2048x2048":["https:\/\/lunzavo.shop\/grill\/wp-content\/uploads\/2026\/04\/allegro-image-16119.jpg",1451,727,false],"woocommerce_thumbnail":["https:\/\/lunzavo.shop\/grill\/wp-content\/uploads\/2026\/04\/allegro-image-16119-300x300.jpg",300,300,true],"woocommerce_single":["https:\/\/lunzavo.shop\/grill\/wp-content\/uploads\/2026\/04\/allegro-image-16119-600x301.jpg",600,301,true],"woocommerce_gallery_thumbnail":["https:\/\/lunzavo.shop\/grill\/wp-content\/uploads\/2026\/04\/allegro-image-16119-100x100.jpg",100,100,true]},"uagb_author_info":{"display_name":"admin","author_link":"https:\/\/lunzavo.shop\/grill\/author\/"},"uagb_comment_info":0,"uagb_excerpt":"Zestaw mebli ogrodowych SR110&nbsp; - marki GARDENOVE Kolor deseczek&nbsp; - jasny br\u0105z Kolor poduszek - ciemno szary W zestawie: 2 x sofa w formie naro\u017cnika 2 elementy. Dodatkowo fotel i 2 pofu + du\u017cy st\u00f3\u0142 obiadowy. Konstrukcja zestawu : stalowa Imitacja drewna - polywood ZESTAW W PRZEDSPRZEDA\u017bY","_links":{"self":[{"href":"https:\/\/lunzavo.shop\/grill\/wp-json\/wp\/v2\/product\/16119","targetHints":{"allow":["GET"]}}],"collection":[{"href":"https:\/\/lunzavo.shop\/grill\/wp-json\/wp\/v2\/product"}],"about":[{"href":"https:\/\/lunzavo.shop\/grill\/wp-json\/wp\/v2\/types\/product"}],"wp:featuredmedia":[{"embeddable":true,"href":"https:\/\/lunzavo.shop\/grill\/wp-json\/wp\/v2\/media\/16120"}],"wp:attachment":[{"href":"https:\/\/lunzavo.shop\/grill\/wp-json\/wp\/v2\/media?parent=16119"}],"wp:term":[{"taxonomy":"product_brand","embeddable":true,"href":"https:\/\/lunzavo.shop\/grill\/wp-json\/wp\/v2\/product_brand?post=16119"},{"taxonomy":"product_cat","embeddable":true,"href":"https:\/\/lunzavo.shop\/grill\/wp-json\/wp\/v2\/product_cat?post=16119"},{"taxonomy":"product_tag","embeddable":true,"href":"https:\/\/lunzavo.shop\/grill\/wp-json\/wp\/v2\/product_tag?post=16119"}],"curies":[{"name":"wp","href":"https:\/\/api.w.org\/{rel}","templated":true}]}}